 - -5761. Is y composite?
True
Is (6/2)/1*((-22207661)/51)/(-7) prime?
True
Suppose -9*i = 3*i - 24. Is ((-3622)/i)/(-2 - -6 - 5) prime?
True
Let h(v) = 3683*v**2 + 2*v + 3. Let k be h(-1). Let x be (k/(-16))/((-2)/8). Suppose t = d - t - x, 4*d - 3677 = t. Is d a prime number?
True
Suppose -10*y = -6*y - 4. Is (3 - (y + -2)) + (352 - -35) a prime number?
False
Suppose 30*f = 4286598 + 1013712. Is f a prime number?
True
Let o(u) = 4*u**3 - 2*u**2 - 4*u + 818. Let p(i) = 5*i**3 - 3*i**2 - 5*i + 817. Suppose -4*l = -8*l + 16. Let n(s) = l*o(s) - 3*p(s). Is n(0) composite?
False
Let a(m) = -m**2 - 18*m - 16. Let s be a(-16). Suppose 79954 = s*k - 2*k. Is k prime?
True
Let h = -45 + 11. Let l = h - -44. Let i(m) = m**3 - 4*m**2 + 2*m + 21. Is i(l) composite?
False
Suppose 38*q = 60361 + 93007. Let c = -2 + 2. Suppose c = 12*z - q - 7856. Is z a prime number?
True
Let p be (-1)/3*(-2 - -2). Suppose 5*t - 7*t + 8 = p. Is 86 - t*1/4 a prime number?
False
Let l(h) = 7*h**3 + 21*h**2 - 14*h + 22. Let i be l(18). Suppose -38*k + 12*k = -i. Is k a composite number?
False
Suppose 12*l = 4*l + 3*l + 398405. Is l a composite number?
True
Suppose 452*m + 13344980 = 472*m. Is m a prime number?
False
Suppose -3*z - 15 = -d, -5*d + z + 36 = -z. Suppose p + d = -p, 0 = 2*r + 3*p + 33. Is (-9702)/r + 4/8 composite?
False
Is 993641/8 - 14/112 prime?
False
Suppose -37 - 1 = -19*b. Suppose p - 6*p - z + 3392 = 0, 2*p - b*z = 1364. Is p a prime number?
False
Let c(r) = -163*r + 14250. Is c(-77) composite?
False
Let p(v) = 36507*v**2 + 53*v + 117. Is p(-2) a prime number?
False
Suppose -11 = 5*l - 6. Let f be ((-6)/(-9))/((-4)/18). Is ((-2)/f)/(l - 1398/(-1386)) a composite number?
True
Let m = -112 - -218. Let n = m + -106. Suppose n = -6*b + 19603 - 2749. Is b prime?
False
Suppose -95*z + 2622553 = 711480 - 5171842. Is z a prime number?
False
Let u(o) = -71*o**3 - 5 - 26*o**3 + 2 - 5 + 2*o + 7*o**2. Let d be u(4). Let k = -3269 - d. Is k a prime number?
False
Let z be 2 + (1 - 1/(-1)). Suppose z*g - 744 = m + 4*m, -5*g = 4*m - 930. Let r = g + 677. Is r prime?
True
Suppose -v - 1084 = -w, 0 = 3*w + 2*v - 1526 - 1701. Suppose 1640 + w = l. Is l composite?
False
Let p be (4 - (-190)/(-45)) + 2/9. Let r be (-486 - 3)*(-1 + p). Suppose -c - r = -z, 3*z + 0*c = -5*c + 1499. Is z prime?
False
Suppose 8449 = -26*f + 117519. Is f a prime number?
False
Let g = -14473 - 10972. Let z = 12474 - g. Is z prime?
False
Let x(z) = 845792*z**2 - 12*z + 5. Is x(-1) prime?
True
Let x be (0 + 6)*(3 + 36/(-8)). Let b be 16/(-2 + -2) - x. Suppose -20 = -4*p, 0 = -2*f - 0*p + b*p + 253. Is f a composite number?
False
Let j(c) = -18831*c - 2830. Is j(-39) composite?
True
Let d(r) = 1642*r**2 - 1. Let s be d(2). Suppose 4*o - 3*u + s = -o, 3*u = 3*o + 3939. Let h = 3947 + o. Is h a composite number?
False
Suppose -39*j = 10*j. Suppose 5*u - 7*q - 37976 = -4*q, 2*u + q - 15197 = j. Is u prime?
False
Suppose -40*v = -15*v + 250. Is ((-12)/v)/(21/153685) a prime number?
False
Suppose 0 = -12*d + 14*d - 6. Is (-6 - (-23 + d))/((-4)/(-6326)) composite?
True
Let d be (849 + -10)/((-2)/((-4)/2)). Let q = 452 - d. Is (-2)/(-2) - (-29 + q) a prime number?
False
Let u = -36 + 36. Suppose u = 2*s - s - 15. Suppose -s = -4*f + 109. Is f a composite number?
False
Is ((-8)/(-12))/(5/(-90)) - -645325 composite?
False
Is (13394 + (-2 - -4 - -1))*1 a prime number?
True
Let d = 749 - 1770. Let h(n) = 756*n. Let s be h(2). Let z = d + s. Is z a prime number?
True
Suppose -10*x + 5*x = -152310. Suppose 150*l - x = 144*l. Is l a prime number?
True
Let y = 149637 + 11866. Is y a composite number?
False
Let n = -1453 - -2478. Let x = 4514 + n. Is x prime?
False
Let y = 325701 + -113931. Suppose y = 8*c + 73490. Is c composite?
True
Let y = 8 - 6. Let a = 1191 + -603. Suppose y*u - 74 = a. Is u prime?
True
Suppose -5*d = 2*j - j - 20, -3*j - 16 = -4*d. Let y = d - 1. Suppose y*g = 4*f - 4763, 5*g - 2392 = -2*f + 3*g. Is f prime?
True
Suppose 38*q + q = -2397330. Is q/(-14) - (-76)/266 composite?
False
Suppose -2*a - 7 = 5*o + 14, 4*a + 3*o + 7 = 0. Suppose 0 = -a*u + 21*u - 2831. Is u a prime number?
True
Suppose 3*b - 326356 = 5*l, 66*b + 543934 = 71*b - l. Is b composite?
True
Let m = -8309 + 14122. Is m prime?
True
Let d(o) = o + 1. Let n(l) = -12*l**2 - 25*l - 29. Let c(w) = -6*d(w) - n(w). Is c(-12) prime?
True
Suppose 5*g + 1499 - 12307 = y, 0 = -3*y - 9. Let d = 5999 - g. Let f = 1299 + d. Is f a composite number?
True
Let c(v) = 2*v**2 - v. Let p be c(-1). Suppose 7*u = p*u + 16. Suppose -u*q + 1265 = -2331. Is q prime?
False
Let p(z) = -z**2 - 14*z + 86. Let r be p(-18). Is (-635580)/(-210) - (-6)/r composite?
True
Suppose -10*f + 2 = 3*z - 5*f, -2*f = z. Suppose -4*u + z*d = -2764, -d - 638 - 2833 = -5*u. Is u a composite number?
True
Let d = -51 - -53. Suppose 3*w - 10 = d*w. Suppose 7*q = w*q - 7707. Is q composite?
True
Let a(l) = 4425600*l - 419. Is a(1) a prime number?
True
Let v(k) = 30480*k - 3809. Is v(6) a prime number?
False
Let f(x) = -x**2 - 5*x + 13. Suppose -18 = 4*z + 6. Let n be f(z). Suppose -n*j = 3*w - 10*j - 765, -w + 4*j + 267 = 0. Is w prime?
True
Let y(d) = -14*d**3 + 21*d**2 - 32*d + 161. Is y(-18) prime?
True
Let v(c) = 71*c**2 + 68*c + 1114. Is v(-45) composite?
False
Is 28050867/34 - 84/(-24) a prime number?
True
Let l be ((3 - 0) + -4)*-7359. Let t = 11909 - l. Suppose 0 = 5*v - 3*r - t, -2*r - 903 = -4*v + 3*v. Is v a prime number?
False
Let h be 6 + 75/(-10) - (30/4 - 3). Let u(v) be the third derivative of -v**6/30 + v**5/10 - v**4/24 + v**3/6 + 2*v**2. Is u(h) composite?
False
Suppose -2*d = -4*a + 48, -d - 3*d + 36 = 3*a. Suppose a*g + g - 26 = 0. Is 6546/g + (-1 - 1) prime?
True
Suppose -3612 + 39387 = 25*y. Let d = -688 + y. Is d a composite number?
False
Is (-19627558)/(-52) + (-99)/2574 composite?
True
Suppose -10*i - 10*i = 8*i. Suppose -4952 = -3*t + v, 2*t + 3*v - 3283 = -i*v. Is t a composite number?
True
Suppose -9*i - 4930 = -10*i. Let h = 7251 - i. Is h a composite number?
True
Suppose 5*j + 42 = -48. Let y(s) = -3*s - 45. Let r be y(j). Suppose -r*l + 605 = -4*l. Is l a composite number?
True
Suppose 4*i = 0, 5*i - 24 = 2*j + 44. Let f(x) = -34*x + 190. Is f(j) prime?
False
Let b be (-470838)/(-33) + (-4)/(-22). Suppose b = 3*m - 2*m + 5*h, -5*m = -3*h - 71368. Is m a prime number?
False
Suppose -c = -2, 30 = -3*a + c + 604. Let d = a - -299. Is d prime?
True
Suppose 128356 = 19*a - 746043. Is a a prime number?
True
Suppose -r - 5512 = -4*f, 0 = -3*f - 0*f - 2*r + 4134. Let y = f + -509. Is y prime?
False
Is (-46)/(-69)*1586745/30 prime?
False
Suppose 19982 - 4616 = 6*c. Is c a prime number?
False
Let c(y) = -12991*y**2 - 40*y - 194. Let v be c(-21). Is v/(-390) - (-5)/6 a composite number?
True
Let m be (-14)/(-21) + (-229)/(-3). Let w = m + -78. Is (-1051)/(-1) + -5 - (w + -2) prime?
True
Let b be 8 + -13 - (13 + 1 + -1). Let i(z) = -95*z - 149. Is i(b) prime?
False
Is ((-15)/20)/(2/(-812624)*2) composite?
True
Let o(u) = -u**3 + 30*u**2 - 25*u - 77. Let f be o(22). Suppose 16 = -0*r + 4*r. Is (f/10)/(2/r) a prime number?
False
Suppose 2*j + 2*k - 42 = -2*k, 4*k + 60 = 4*j. Suppose -6*y + 2*y + j = 3*p, 5*y + 2*p = 23. Suppose 0 = y*h + s - 1287, 0 = -s - 2 + 4. Is h composite?
False
Suppose -z + f + 5427 = -35471, 5*z + 4*f = 204499. Suppose 0 = -25*j + z - 12124. Is j a prime number?
True
Let i = 0 + -3. Let p be i + (-505 - 1)*20/(-8). Is (p/4)/((-7)/(-14)) a composite number?
False
Is ((-241498)/12)/((-246)/1476) a prime number?
True
Let t(n) be the first derivative of -248*n**2 - 38*n + 9. Let b be t(-17). Is b/4*(-6)/(-9) prime?
True
Let t be -3*(-2)/36 - (-391)/138. Suppose -4*f = 12, 3325 = -t*o - f + 9529. Is o a prime number?
True
Suppose 4 = -2*o, 4*z + 105876 = o + 561546. Is z a composite number?
True
Let c be ((-180)/105)/(1/(-7)). Suppose -37640 = -4*d - 3*g, -2*d - c*g + 13*g = -18830. Is d composite?
False
Let n be 120/(-14) + 36/63 + 3. Is -1*(-2 + n + -2356) composite?
True
Suppose -5*r = -28 - 12682. Suppose 1338 = 8*z - r. Is z a composite number?
True
Let j = 5734 - 2854. Let d = -6801 + j. Let b = -910 - d. Is b prime?
True
Let c(k) = -89 - 35*k - 16*k - k**2 + 11 - 32 + k. Is c(-37) a composite number?
True
Suppose -9*c - 2*z + 47